 + 8*o**2 - 8*o + 4. Let l = -683 - -689. Calculate z(l).
28
Let o(j) = 7*j**3 - 5*j**2 + 6*j - 3. Let a(z) = 2*z**3 + z - 2. Let q(n) = -3*a(n) + o(n). Give q(5).
18
Let d(m) be the first derivative of m**3 - 3*m**2 + 2*m + 9. Let g(p) = -4*p**2 + 6*p - 3. Let a(i) = -3*d(i) - 2*g(i). Give a(6).
0
Let n(f) = 7*f - 5. Let v(x) = x - 1. Suppose 0 = -2*d - l - 7, 57 = -5*d + 3*l + 12. Let h(b) = d*v(b) + n(b). Determine h(-2).
-1
Let c be (-5694)/143 + 4/(-22). Let j = 33 + c. Let h(a) = 3*a**2 - 5*a + 5. Let r(o) = 2*o**2 - 2*o + 2. Let n(b) = -3*h(b) + 5*r(b). Calculate n(j).
9
Let r(k) be the first derivative of 3*k**2/2 + 24*k + 492. Determine r(-7).
3
Let y(f) = -951*f + 2*f**2 + 963*f + 37 - 42. Determine y(-9).
49
Suppose -4*d - 10 = -5*v, 2*d = -5*v + 5*d + 15. Let w(b) = 2*b**2 - 8*b - 3. What is w(v)?
21
Let i(o) = 2*o. Let c(p) = -8*p + 3. Let m(l) = c(l) + 6*i(l). Let f be 90/27*6/(-5). Calculate m(f).
-13
Let l(f) be the third derivative of 0*f + 0 + 1/24*f**4 + 5*f**2 - 5/6*f**3 + 1/12*f**5. Let j(g) be the first derivative of l(g). Determine j(-1).
-9
Let u be (2/1)/(18/81). Suppose 9*t = 8*t + u. Suppose 0 = -12*z + t*z. Let v(w) = w**2 - 11. Determine v(z).
-11
Suppose 1 = -u - 4*p + 3, u + 2*p + 2 = 0. Suppose 81 = 8*r + r. Let b(x) = 5*x - r - 6 + 9 + 0 + x**2. Determine b(u).
0
Let j(z) = -3*z + 3*z - 4 - 191*z**3 + 190*z**3. Suppose 0*l = -l - 9. Let v be (-2)/l - (-4)/(-18). Determine j(v).
-4
Let u(s) = -s + 10. Let l be (6 + -7)*2/4*-14. Suppose l = -3*o + 28. Determine u(o).
3
Suppose -4*y + 6 = -2*z, -y + 5 = -5*z + z. Let p(v) = -v**2 - 2*v + 4 + y - 4. Let m be -5 + (-1)/(1 - 2). Calculate p(m).
-7
Let q(t) = -t**3 - 4*t**2 - 4*t - 2. Let m(w) = w**2 - 2*w - 4. Let u be m(5). Let l be 0 - -3*(u - 4). Let p = -24 + l. Determine q(p).
1
Let z(d) = 7*d + 4. Let a(f) = 13*f + 8. Suppose -8*w + 24 = -64. Let q(l) = w*z(l) - 6*a(l). Calculate q(-6).
2
Let q(o) be the first derivative of o**4/2 + 2*o**3 + 3*o**2/2 + o - 2. Let y(j) = -3*j**3 - 12*j**2 - 5*j - 2. Let l(u) = -5*q(u) - 3*y(u). Determine l(6).
1
Let x(b) be the first derivative of b**6/60 - b**5/30 + b**4/8 - b**3/6 + 9*b**2/2 - 9. Let u(i) be the second derivative of x(i). What is u(2)?
13
Let z(h) be the second derivative of -1/10*h**5 - 1/2*h**3 + 1/2*h**2 + 0 + 1/4*h**4 - 12*h. Determine z(2).
-9
Let s be (-78 + 19)*(0 - 1). Let f(b) = -s*b - 55*b + 117*b. Calculate f(-2).
-6
Let q(b) be the third derivative of 0 + 1/60*b**5 - 1/8*b**4 + 4*b**2 + 0*b**3 + 0*b. Calculate q(4).
4
Let b(s) = 1403*s + s**3 + 2*s**2 - 7 + 4*s**2 - 1404*s. Determine b(-6).
-1
Let b(j) = -j**3 + 11*j**2 + 54*j - 8 - 19*j + 0 - 23*j - 22*j. What is b(10)?
-8
Let l(b) = -9*b - 2. Let p be l(-3). Suppose -5*c + 0*c = -p. Let n(j) = -j**3 + 6*j**2 - 2*j - 12. Let m be n(c). Let t(d) = d**2 - d + 4. Give t(m).
10
Let s(r) be the first derivative of -r**2 - 9*r + 9. Let g be s(-4). Let v(f) be the third derivative of -f**4/6 - f**2. Calculate v(g).
4
Let a(t) = -3*t**2 - 3*t - 2. Let c = -48 - -47. Give a(c).
-2
Let m(o) be the second derivative of o**5/20 - o**4/3 - 7*o**3/6 + 6*o**2 + 10*o + 1. Determine m(5).
2
Let b(h) = 3*h + 1. Suppose -2*i = 2*w + 6, 0 = -4*i - w - 0 - 3. Let o = -35 - -39. Suppose -n + 3 = -6*n - 3*l, -o*n + l - 16 = i. Calculate b(n).
-8
Let l(n) = -4*n**3 - n - 6. Let z(y) = y**3 + y**2 + 1. Let b(p) = -l(p) - 5*z(p). Calculate b(-5).
-4
Let x(l) = l**2 + 10*l + 2. Let v be -8*1/7*7. Calculate x(v).
-14
Let z(g) be the first derivative of g**5/20 + g**4/12 - g**3/6 + 23*g**2/2 + 38*g - 22. Let q(k) be the first derivative of z(k). What is q(0)?
23
Let q(y) = -1. Let r(m) be the first derivative of -6*m**2 - 19. Let x(w) = q(w) - r(w). Give x(1).
11
Let q(x) = 2*x**2 - x - 11. Let d be q(-4). Let n(c) = 19*c**2 - 4 + d*c**2 - 7*c - 45*c**2. Calculate n(-4).
8
Let h(q) = 7 - 38*q + 16*q + 20*q - q**3 + 6*q**2. Let c(d) = -d**2 - 5*d + 2. Let n be c(-4). Calculate h(n).
-5
Let a(h) = -13*h**3 - 8*h**2 - h - 8. Let p(i) = -2*i**3 - i**2 - i - 2. Let c(l) = a(l) - 6*p(l). Give c(-4).
16
Let a(o) = -o**3 + o**2 - o - 2. Suppose 3*g + 15 = -v, 2*v - 17 = 5*g + v. Suppose -2*x = j - 6*x - 10, 0 = 2*j - 3*x. Let q = g - j. Determine a(q).
-8
Let h(t) = 53*t + 25. Let a(y) = -2*y - 4. Let i(m) = -6*a(m) - h(m). Calculate i(-1).
40
Let g(j) = 5*j**3 - 13*j**2 + 12*j + 7. Let c(x) = 6*x**3 - 14*x**2 + 14*x + 7. Let v(t) = 6*c(t) - 7*g(t). What is v(-7)?
-7
Let l(d) = -11*d**2 - 16*d - 29. Let o = -59 - -46. Let q(y) = 5*y**2 + 8*y + 14. Let u(g) = o*q(g) - 6*l(g). Calculate u(8).
-8
Let g(n) = -n - 3. Let b be 7/((-28)/(-8)) - -6. Let z be b/(-52) - (-54)/13. Suppose 8 = -z*c - 4. Calculate g(c).
0
Let m(z) = 2*z - 2. Suppose 6 = -5*h + 7*h. Suppose -2*i + 1 = -h*j, -5*i - 2*j = j + 50. Give m(i).
-16
Let g(r) be the third derivative of -1/6*r**4 + 9*r**2 + 0*r + 0 + 7/6*r**3. Calculate g(6).
-17
Suppose -2 = 5*i - 12. Suppose 3*s - i*r + 21 = -0*s, 4*s + 5*r + 51 = 0. Let m(w) = -w**3 - 9*w**2 - w - 5. What is m(s)?
4
Suppose 0 = 2*t + 2*g + 3*g - 17, -3*t + 4*g = -14. Let y(s) = -5*s**2 + 10*s - s**3 + 4 - 14*s + t*s. Calculate y(-5).
-6
Let z(a) be the second derivative of -a**3/2 - 5*a**2 - 130*a. Calculate z(-4).
2
Suppose -6 = -0*j - 3*j. Let d(w) be the first derivative of w**4/4 - w**3/3 + w**2/2 + w + 124. Determine d(j).
7
Let m(w) be the third derivative of -w**5/30 - 7*w**4/24 - 5*w**3/6 + 4*w**2 + 28. What is m(-4)?
-9
Let w(i) = i**3 + 8*i**2 - 8*i - 4. Let s(b) = b**2. Let u be (-10 - -1)*1/3. Let k(v) = u*s(v) + w(v). What is k(-6)?
8
Let h(n) = n**2 + 5*n. Suppose 4*i + 114 = -22. Let s = i + 31. Let a be h(s). Let c(y) = -2*y + 2. What is c(a)?
14
Let x(o) = o**2 - 4*o + 5. Suppose 16 = 5*a - 4. Let h be x(a). Let y(f) be the third derivative of f**4/12 + f**3/6 - 5*f**2. What is y(h)?
11
Let q(h) = h**2 + h - 8. Let n = 5 + -8. Let b be ((-3)/(-4))/(55/20 + -3). Let v be 2 + (n - (b - -2)). What is q(v)?
-8
Let q be (330/385)/((-4)/(-14)). Let r(d) = -d**3 + 3*d**2 + 2*d + 1. Give r(q).
7
Let s(q) = -q**2 - 7*q + 2. Let r be s(-7). Let g(a) = -r + 3*a**2 - 4*a**2 + 10*a - 6. Calculate g(8).
8
Let f(m) = 3*m + 1. Suppose 3*v = 6*v - 135. Let p(w) = -43 + 2*w + 3*w + v. Let n(l) = 8*f(l) - 5*p(l). What is n(-6)?
4
Let m(j) = -10 + 3 + 6 + 2*j**2 + 0*j + 2*j. Calculate m(2).
11
Let v(k) = -3*k - 3. Let u = -44 + -12. Suppose 2*i = -2*i - 80. Let f be u/i - (-2)/10. Calculate v(f).
-12
Let c(a) = a**2 - 7*a + 7. Suppose 5*y = -5*n + 30, -2*n - 4 - 5 = -5*y. Suppose 5 + 1 = y*f. Let u be f/(-6)*(-23 - -5). Calculate c(u).
1
Let z(k) = k**2 - 3*k - 1. Let r = -6 - -8. Let j be z(r). Let v(q) = q - 1. Let x(y) = y**2 + y + 6. Let b(m) = -4*v(m) - x(m). Give b(j).
4
Let f(y) = 2*y**2 - 3*y. Suppose -2*k = -5*s + 7, -4*k - 8 = -4*s - 0*s. Let t be (-2 - s) + (7 - 2). Determine f(t).
2
Let p(k) = 3*k - 66. Let l be p(23). Suppose 0 = 10*b - l*b - 49. Let y(r) = -r**2 + 5*r + 7. What is y(b)?
-7
Let f(b) = -b**3 - 9*b**2 + 11*b + 12. Let u be f(-10). Let x(h) = 2*h**u - 6 + 1086*h**3 - h - 10*h**2 - 1087*h**3. What is x(-8)?
2
Suppose 0 = 5*d + 4*b + 28, -2*d + 9*b = 4*b + 31. Let p(x) = x - 12. Give p(d).
-20
Let h(x) be the third derivative of x**4/12 - 5*x**3/6 + 64*x**2 + x. Calculate h(-5).
-15
Let h(t) be the first derivative of -t**4/12 - 2*t**3/3 + t**2 - 13*t - 10. Let u(f) be the first derivative of h(f). What is u(-5)?
-3
Let x = 7 - -15. Let u be (0 - 2)/((-11)/(x/(-4))). Let n(k) = k**3 + 2*k**2 - k - 1. Determine n(u).
1
Let q(z) = -z**3 + z**2 - z + 1. Let k(s) = -3*s**3 + 4*s**2 + 2*s + 4. Let p(b) = -k(b) + 2*q(b). Let n(u) = -u + 8 + 0*u - 4. Let f be n(6). What is p(f)?
-10
Let s(l) = l**3 + 4*l**2 + l - 2. Let h(g) = -2*g**2. Let u be h(1). Let d be s(u). Let a(t) = -59*t**2 + 1 + 5 - 5*t + 60*t**2. Determine a(d).
2
Let q = 42 + -42. Let m(z) = 4*z - 7*z + 3 + 4*z. Determine m(q).
3
Let i(o) = -3*o**2 + 1. Let h be i(1). Let b be h/(-5) + 8/(-20). Let j(k) be the second derivative of k**5/20 + k**3/6 - 9*k**2/2 - 94*k - 2. Determine j(b).
-9
Let v(i) = -16*i**2 - 20*i - 31. Let a(k) = -3*k**2 - 4*k - 6. Let d(w) = -11*a(w) + 2*v(w). What is d(-4)?
4
Let s(g) = -7*g**2 - 7*g + 7. Let a(l) = 15*l**2 + 14*l - 15. Let i = 1 - 7. Let y = 21 + -